{"id":3431,"date":"2024-07-01T14:09:04","date_gmt":"2024-07-01T12:09:04","guid":{"rendered":"https:\/\/aide.nextore.fr\/?page_id=3431"},"modified":"2026-04-22T10:51:51","modified_gmt":"2026-04-22T08:51:51","slug":"faq-2024","status":"publish","type":"page","link":"https:\/\/aide.nextore.fr\/index.php\/faq-2024\/","title":{"rendered":"FAQ"},"content":{"rendered":"\n<style type=\"text\/css\" data-created_by=\"avia_inline_auto\" id=\"style-css-av-55hvvr-0cca7d94831920a8cdaa220a42181fec\">\n.avia-section.av-55hvvr-0cca7d94831920a8cdaa220a42181fec{\nbackground-color:#ffffff;\nbackground-image:unset;\n}\n.avia-section.av-55hvvr-0cca7d94831920a8cdaa220a42181fec .av-extra-border-element .av-extra-border-inner{\nbackground-color:#ffffff;\n}\n<\/style>\n<div id='av_section_1'  class='avia-section av-55hvvr-0cca7d94831920a8cdaa220a42181fec main_color avia-section-small avia-no-shadow  avia-builder-el-0  avia-builder-el-no-sibling  avia-bg-style-scroll av-arrow-down-section container_wrap fullsize'  ><div class='container av-section-cont-open' ><main  role=\"main\" itemprop=\"mainContentOfPage\"  class='template-page content  av-content-full alpha units'><div class='post-entry post-entry-type-page post-entry-3431'><div class='entry-content-wrapper clearfix'>\n\n<style type=\"text\/css\" data-created_by=\"avia_inline_auto\" id=\"style-css-av-3s29iv-58777137340f8270688d4e7cb9dc6b62\">\n.flex_column.av-3s29iv-58777137340f8270688d4e7cb9dc6b62{\nborder-radius:0px 0px 0px 0px;\npadding:0px 0px 0px 0px;\n}\n<\/style>\n<div  class='flex_column av-3s29iv-58777137340f8270688d4e7cb9dc6b62 av_one_full  avia-builder-el-1  el_before_av_toggle_container  avia-builder-el-first  first flex_column_div av-zero-column-padding  '     ><p>\n<style type=\"text\/css\" data-created_by=\"avia_inline_auto\" id=\"style-css-av-ly33f1op-5739505a7113cec6b613ec69f02b999e\">\n#top .av-special-heading.av-ly33f1op-5739505a7113cec6b613ec69f02b999e{\npadding-bottom:0;\n}\nbody .av-special-heading.av-ly33f1op-5739505a7113cec6b613ec69f02b999e .av-special-heading-tag .heading-char{\nfont-size:25px;\n}\n.av-special-heading.av-ly33f1op-5739505a7113cec6b613ec69f02b999e .av-subheading{\nfont-size:15px;\n}\n<\/style>\n<div  class='av-special-heading av-ly33f1op-5739505a7113cec6b613ec69f02b999e av-special-heading-h3 blockquote modern-quote  avia-builder-el-2  el_before_av_hr  avia-builder-el-first '><h3 class='av-special-heading-tag '  itemprop=\"headline\"  >FAQ<\/h3><div class=\"special-heading-border\"><div class=\"special-heading-inner-border\"><\/div><\/div><\/div><br \/>\n\n<style type=\"text\/css\" data-created_by=\"avia_inline_auto\" id=\"style-css-av-2pb5rb-13163f66a68f6ea9c6398abeddf48c58\">\n#top .hr.av-2pb5rb-13163f66a68f6ea9c6398abeddf48c58{\nmargin-top:0px;\nmargin-bottom:10px;\n}\n.hr.av-2pb5rb-13163f66a68f6ea9c6398abeddf48c58 .hr-inner{\nwidth:100px;\nborder-color:#000000;\n}\n<\/style>\n<div  class='hr av-2pb5rb-13163f66a68f6ea9c6398abeddf48c58 hr-custom  avia-builder-el-3  el_after_av_heading  avia-builder-el-last  hr-left hr-icon-no'><span class='hr-inner inner-border-av-border-fat'><span class=\"hr-inner-style\"><\/span><\/span><\/div><\/p><\/div><div  class='togglecontainer av-ly332m9z-b2a45f59060c4c31f591a32726eaa86f  avia-builder-el-4  el_after_av_one_full  avia-builder-el-last  toggle_close_all' >\n<section class='av_toggle_section av-ly32zxhv-4a7f009eb4f7197a7a1303e96b194381'  itemscope=\"itemscope\" itemtype=\"https:\/\/schema.org\/CreativeWork\" ><div role=\"tablist\" class=\"single_toggle\" data-tags=\"{Tout} \"  ><p id='toggle-toggle-id-1' data-fake-id='#toggle-id-1' class='toggler  av-title-above '  itemprop=\"headline\"  role='tab' tabindex='0' aria-controls='toggle-id-1' data-slide-speed=\"200\" data-title=\"Comment configurer les param\u00e8tres de la caisse ?\" data-title-open=\"\">Comment configurer les param\u00e8tres de la caisse ?<span class=\"toggle_icon\"><span class=\"vert_icon\"><\/span><span class=\"hor_icon\"><\/span><\/span><\/p><div id='toggle-id-1' aria-labelledby='toggle-toggle-id-1' role='region' class='toggle_wrap  av-title-above'  ><div class='toggle_content invers-color '  itemprop=\"text\" ><div class=\"av-fold-unfold-container unfolded\">\n<div class=\"avia_textblock av_inherit_color\">\n<p>Vous pouvez avoir acc\u00e8s \u00e0 un tutoriel sur les param\u00e8tres g\u00e9n\u00e9raux de la caisse. Pour cela vous pouvez <span style=\"color: #3366ff;\"><a style=\"color: #3366ff;\" href=\"https:\/\/aide.nextore.fr\/index.php\/2-8-configuration-et-parametrage\/\">cliquer ici<\/a><\/span>.<\/p>\n<\/div>\n<\/div>\n<div class=\"av-fold-button-wrapper av-textblock-btn-wrap avia-button-wrap\"><\/div>\n<\/div><\/div><\/div><\/section>\n<section class='av_toggle_section av-ly32zxhv-4-43e00fcc5bfe95b56f1e6c4a58a14f77'  itemscope=\"itemscope\" itemtype=\"https:\/\/schema.org\/CreativeWork\" ><div role=\"tablist\" class=\"single_toggle\" data-tags=\"{Tout} \"  ><p id='toggle-toggle-id-2' data-fake-id='#toggle-id-2' class='toggler  av-title-above '  itemprop=\"headline\"  role='tab' tabindex='0' aria-controls='toggle-id-2' data-slide-speed=\"200\" data-title=\"Comment mettre \u00e0 jour Nextore ?\" data-title-open=\"\">Comment mettre \u00e0 jour Nextore ?<span class=\"toggle_icon\"><span class=\"vert_icon\"><\/span><span class=\"hor_icon\"><\/span><\/span><\/p><div id='toggle-id-2' aria-labelledby='toggle-toggle-id-2' role='region' class='toggle_wrap  av-title-above'  ><div class='toggle_content invers-color '  itemprop=\"text\" ><div class=\"av-fold-unfold-container unfolded\">\n<div class=\"avia_textblock av_inherit_color\">\n<p>Vous n&rsquo;avez pas besoin de mettre \u00e0 jour Nextore. Tout se fait automatiquement et vous avez toujours la derni\u00e8re version.<\/p>\n<\/div>\n<\/div>\n<div class=\"av-fold-button-wrapper av-textblock-btn-wrap avia-button-wrap\"><\/div>\n<\/div><\/div><\/div><\/section>\n<section class='av_toggle_section av-ly32zxhv-4-4-d69f15188dd61a6c2815621e5c529d96'  itemscope=\"itemscope\" itemtype=\"https:\/\/schema.org\/CreativeWork\" ><div role=\"tablist\" class=\"single_toggle\" data-tags=\"{Tout} \"  ><p id='toggle-toggle-id-3' data-fake-id='#toggle-id-3' class='toggler  av-title-above '  itemprop=\"headline\"  role='tab' tabindex='0' aria-controls='toggle-id-3' data-slide-speed=\"200\" data-title=\"Avec quels syst\u00e8mes d\u2019exploitation Nextore est-il compatible ?\" data-title-open=\"\">Avec quels syst\u00e8mes d\u2019exploitation Nextore est-il compatible ?<span class=\"toggle_icon\"><span class=\"vert_icon\"><\/span><span class=\"hor_icon\"><\/span><\/span><\/p><div id='toggle-id-3' aria-labelledby='toggle-toggle-id-3' role='region' class='toggle_wrap  av-title-above'  ><div class='toggle_content invers-color '  itemprop=\"text\" ><div class=\"av-fold-unfold-container unfolded\">\n<div class=\"avia_textblock av_inherit_color\">\n<p>Nextore est compatible avec Windows, Linux, MacOS, Android, IOS, et ChromeOS.<\/p>\n<\/div>\n<\/div>\n<div class=\"av-fold-button-wrapper av-textblock-btn-wrap avia-button-wrap\"><\/div>\n<\/div><\/div><\/div><\/section>\n<section class='av_toggle_section av-ly32z9cg-c960623c3fbebb84f278d1df876bd862'  itemscope=\"itemscope\" itemtype=\"https:\/\/schema.org\/CreativeWork\" ><div role=\"tablist\" class=\"single_toggle\" data-tags=\"{Tout} \"  ><p id='toggle-toggle-id-4' data-fake-id='#toggle-id-4' class='toggler  av-title-above '  itemprop=\"headline\"  role='tab' tabindex='0' aria-controls='toggle-id-4' data-slide-speed=\"200\" data-title=\"Comment connecter mon TPE ?\" data-title-open=\"\">Comment connecter mon TPE ?<span class=\"toggle_icon\"><span class=\"vert_icon\"><\/span><span class=\"hor_icon\"><\/span><\/span><\/p><div id='toggle-id-4' aria-labelledby='toggle-toggle-id-4' role='region' class='toggle_wrap  av-title-above'  ><div class='toggle_content invers-color '  itemprop=\"text\" ><p>Si vous \u00eates sur Windows, vous devez tout d\u2019abord suivre <a href=\"https:\/\/aide.nextore.fr\/index.php\/2-6-pilote-reseau-windows-tpe-vfd-imprimante\/\"><span style=\"color: #3366ff;\">ce tutoriel<\/span><\/a>\u00a0pour installer le driver (sauf s\u2019il est d\u00e9j\u00e0 install\u00e9). Sinon passez directement aux \u00e9tapes suivantes.<\/p>\n<p>Vous devez tout d\u2019abord connecter le TPE \u00e0 internet \u00e0 l\u2019aide de <a href=\"https:\/\/aide.nextore.fr\/index.php\/2-3-connexion-tpe-internet\/\"><span style=\"color: #3366ff;\">ce tutoriel<\/span><\/a> puis connecter le TPE \u00e0 Nextore \u00e0 l\u2019aide de <span style=\"color: #3366ff;\"><a style=\"color: #3366ff;\" href=\"https:\/\/aide.nextore.fr\/index.php\/2-4-connexion-wifi\/\">ce tutoriel<\/a><\/span>.<\/p>\n<\/div><\/div><\/div><\/section>\n<section class='av_toggle_section av-ly32zxhv-7-4393008ecc4916fdd5f8ef8816f9806b'  itemscope=\"itemscope\" itemtype=\"https:\/\/schema.org\/CreativeWork\" ><div role=\"tablist\" class=\"single_toggle\" data-tags=\"{Tout} \"  ><p id='toggle-toggle-id-5' data-fake-id='#toggle-id-5' class='toggler  av-title-above '  itemprop=\"headline\"  role='tab' tabindex='0' aria-controls='toggle-id-5' data-slide-speed=\"200\" data-title=\"Comment connecter mon imprimante USB ?\" data-title-open=\"\">Comment connecter mon imprimante USB ?<span class=\"toggle_icon\"><span class=\"vert_icon\"><\/span><span class=\"hor_icon\"><\/span><\/span><\/p><div id='toggle-id-5' aria-labelledby='toggle-toggle-id-5' role='region' class='toggle_wrap  av-title-above'  ><div class='toggle_content invers-color '  itemprop=\"text\" ><p>Suivez simplement <a href=\"https:\/\/aide.nextore.fr\/index.php\/2-5-connexion-imprimante-usb-windows\/\"><span style=\"color: #3366ff;\">ce tutoriel<\/span><\/a>\u00a0pour connecter votre imprimante \u00e0 Nextore.<\/p>\n<\/div><\/div><\/div><\/section>\n<section class='av_toggle_section av-ly32zxhv-6-c24b5d2a25b82ccecd2f62d106097a3d'  itemscope=\"itemscope\" itemtype=\"https:\/\/schema.org\/CreativeWork\" ><div role=\"tablist\" class=\"single_toggle\" data-tags=\"{Tout} \"  ><p id='toggle-toggle-id-6' data-fake-id='#toggle-id-6' class='toggler  av-title-above '  itemprop=\"headline\"  role='tab' tabindex='0' aria-controls='toggle-id-6' data-slide-speed=\"200\" data-title=\"Comment connecter mon imprimante Wi-Fi ?\" data-title-open=\"\">Comment connecter mon imprimante Wi-Fi ?<span class=\"toggle_icon\"><span class=\"vert_icon\"><\/span><span class=\"hor_icon\"><\/span><\/span><\/p><div id='toggle-id-6' aria-labelledby='toggle-toggle-id-6' role='region' class='toggle_wrap  av-title-above'  ><div class='toggle_content invers-color '  itemprop=\"text\" ><div class=\"av-fold-unfold-container unfolded\">\n<div class=\"avia_textblock av_inherit_color\">\n<p>Si vous \u00eates sur Windows, vous devez tout d\u2019abord suivre <span style=\"color: #3366ff;\"><a style=\"color: #3366ff;\" href=\"https:\/\/aide.nextore.fr\/index.php\/2-6-pilote-reseau-windows-tpe-vfd-imprimante\/\">ce tutoriel<\/a><\/span>\u00a0pour installer le driver (sauf s\u2019il est d\u00e9j\u00e0 install\u00e9). Sinon passez directement \u00e0 l\u2019\u00e9tape suivante.<\/p>\n<p>Suivez ensuite <span style=\"color: #3366ff;\"><a style=\"color: #3366ff;\" href=\"https:\/\/aide.nextore.fr\/index.php\/2-7-connexion-imprimante-wi-fi\/\">ce tutoriel<\/a><\/span>\u00a0pour connecter votre imprimante \u00e0 Nextore.<\/p>\n<\/div>\n<\/div>\n<div class=\"av-fold-button-wrapper av-textblock-btn-wrap avia-button-wrap\"><\/div>\n<\/div><\/div><\/div><\/section>\n<section class='av_toggle_section av-ly32zxhv-4-3-7db6b70e25e972c7a15d10a311d02098'  itemscope=\"itemscope\" itemtype=\"https:\/\/schema.org\/CreativeWork\" ><div role=\"tablist\" class=\"single_toggle\" data-tags=\"{Tout} \"  ><p id='toggle-toggle-id-7' data-fake-id='#toggle-id-7' class='toggler  av-title-above '  itemprop=\"headline\"  role='tab' tabindex='0' aria-controls='toggle-id-7' data-slide-speed=\"200\" data-title=\"Comment connecter mon tiroir caisse ?\" data-title-open=\"\">Comment connecter mon tiroir caisse ?<span class=\"toggle_icon\"><span class=\"vert_icon\"><\/span><span class=\"hor_icon\"><\/span><\/span><\/p><div id='toggle-id-7' aria-labelledby='toggle-toggle-id-7' role='region' class='toggle_wrap  av-title-above'  ><div class='toggle_content invers-color '  itemprop=\"text\" ><div class=\"av-fold-unfold-container unfolded\">\n<div class=\"avia_textblock av_inherit_color\">\n<p>Vous pouvez connecter votre tiroir caisse directement \u00e0 votre imprimante \u00e0 l&rsquo;aide du port RJ-12 pr\u00e9sent sur chacun de ces \u00e9quipements.<\/p>\n<\/div>\n<\/div>\n<div class=\"av-fold-button-wrapper av-textblock-btn-wrap avia-button-wrap\"><\/div>\n<\/div><\/div><\/div><\/section>\n<section class='av_toggle_section av-ly32zxhv-5-2058d6fc316c87297b154bd56a5b66fc'  itemscope=\"itemscope\" itemtype=\"https:\/\/schema.org\/CreativeWork\" ><div role=\"tablist\" class=\"single_toggle\" data-tags=\"{Tout} \"  ><p id='toggle-toggle-id-8' data-fake-id='#toggle-id-8' class='toggler  av-title-above '  itemprop=\"headline\"  role='tab' tabindex='0' aria-controls='toggle-id-8' data-slide-speed=\"200\" data-title=\"Comment utiliser les fonctionnalit\u00e9s du logiciel Nextore ?\" data-title-open=\"\">Comment utiliser les fonctionnalit\u00e9s du logiciel Nextore ?<span class=\"toggle_icon\"><span class=\"vert_icon\"><\/span><span class=\"hor_icon\"><\/span><\/span><\/p><div id='toggle-id-8' aria-labelledby='toggle-toggle-id-8' role='region' class='toggle_wrap  av-title-above'  ><div class='toggle_content invers-color '  itemprop=\"text\" ><div class=\"av-fold-unfold-container unfolded\">\n<div class=\"avia_textblock av_inherit_color\">\n<p>Vous pouvez trouver diff\u00e9rents tutoriels pour vous apprendre \u00e0 utiliser les diff\u00e9rents menus du logiciel Nextore:<\/p>\n<ul>\n<li>Pour les cr\u00e9er des produits, les modifier, g\u00e9rer leurs stocks et diff\u00e9rentes autres actions sur les produits, <a href=\"https:\/\/aide.nextore.fr\/index.php\/produits\/\"><span style=\"color: #3366ff;\">cliquez ici<\/span><\/a>.<\/li>\n<li>Pour les ventes r\u00e9alis\u00e9es, et les diff\u00e9rentes options qui les concernent, <a href=\"https:\/\/aide.nextore.fr\/index.php\/ventes\/\"><span style=\"color: #3366ff;\">cliquez ici<\/span><\/a>.<\/li>\n<li>Pour voir vos devis et en cr\u00e9er, <a href=\"https:\/\/aide.nextore.fr\/index.php\/devis\/\"><span style=\"color: #3366ff;\">cliquez ici<\/span><\/a>.<\/li>\n<li>Pour voir vos commandes et en cr\u00e9er, <a href=\"https:\/\/aide.nextore.fr\/index.php\/commandes\/\"><span style=\"color: #3366ff;\">cliquez ici<\/span><\/a>.<\/li>\n<li>Pour les op\u00e9rations concernant les achats aux fournisseurs, <a href=\"https:\/\/aide.nextore.fr\/index.php\/achats\/\"><span style=\"color: #3366ff;\">cliquez ici<\/span><\/a>.<\/li>\n<li>Pour ce qui concerne les transferts de stocks, <a href=\"https:\/\/aide.nextore.fr\/index.php\/transferts\/\"><span style=\"color: #3366ff;\">cliquez ici<\/span><\/a>.<\/li>\n<li>Pour les op\u00e9rations sur les caisses, les caissiers, les clients ou les fournisseurs, <a href=\"https:\/\/aide.nextore.fr\/index.php\/caisse-et-utilisateurs\/\"><span style=\"color: #3366ff;\">cliquez ici<\/span><\/a>.<\/li>\n<li>Pour diff\u00e9rents param\u00e8tres de la caisse, <a href=\"https:\/\/aide.nextore.fr\/index.php\/parametres\/\"><span style=\"color: #3366ff;\">cliquez ici<\/span><\/a>.<\/li>\n<li>Pour avoir acc\u00e8s \u00e0 toute sortes de rapport sur votre activit\u00e9, <a href=\"https:\/\/aide.nextore.fr\/index.php\/rapport-de-caisse\/\"><span style=\"color: #3366ff;\">cliquez ici<\/span><\/a>.<\/li>\n<\/ul>\n<\/div>\n<\/div>\n<div class=\"av-fold-button-wrapper av-textblock-btn-wrap avia-button-wrap\"><\/div>\n<\/div><\/div><\/div><\/section>\n<section class='av_toggle_section av-ly32zxhv-4-2-41cf6d49655133a493c18d685c99a328'  itemscope=\"itemscope\" itemtype=\"https:\/\/schema.org\/CreativeWork\" ><div role=\"tablist\" class=\"single_toggle\" data-tags=\"{Tout} \"  ><p id='toggle-toggle-id-9' data-fake-id='#toggle-id-9' class='toggler  av-title-above '  itemprop=\"headline\"  role='tab' tabindex='0' aria-controls='toggle-id-9' data-slide-speed=\"200\" data-title=\"Comment utiliser la caisse tactile ?\" data-title-open=\"\">Comment utiliser la caisse tactile ?<span class=\"toggle_icon\"><span class=\"vert_icon\"><\/span><span class=\"hor_icon\"><\/span><\/span><\/p><div id='toggle-id-9' aria-labelledby='toggle-toggle-id-9' role='region' class='toggle_wrap  av-title-above'  ><div class='toggle_content invers-color '  itemprop=\"text\" ><div class=\"av-fold-unfold-container unfolded\">\n<div class=\"avia_textblock av_inherit_color\">\n<p>Vous pouvez <a href=\"https:\/\/aide.nextore.fr\/index.php\/caisse-tactile\/\"><span style=\"color: #3366ff;\">cliquer ici<\/span><\/a> ou bien <a href=\"https:\/\/aide.nextore.fr\/index.php\/vente-direct\/\"><span style=\"color: #3366ff;\">cliquer ici<\/span><\/a> pour voir deux tutoriels qui vous expliquent comment se servir de la caisse tactile pour r\u00e9aliser des ventes.<\/p>\n<\/div>\n<\/div>\n<div class=\"av-fold-button-wrapper av-textblock-btn-wrap avia-button-wrap\"><\/div>\n<\/div><\/div><\/div><\/section>\n<section class='av_toggle_section av-ly32zxhv-4-1-8f3a2053a29799ea194eff4b4cb9eebc'  itemscope=\"itemscope\" itemtype=\"https:\/\/schema.org\/CreativeWork\" ><div role=\"tablist\" class=\"single_toggle\" data-tags=\"{Tout} \"  ><p id='toggle-toggle-id-10' data-fake-id='#toggle-id-10' class='toggler  av-title-above '  itemprop=\"headline\"  role='tab' tabindex='0' aria-controls='toggle-id-10' data-slide-speed=\"200\" data-title=\"Comment utiliser le PAD ?\" data-title-open=\"\">Comment utiliser le PAD ?<span class=\"toggle_icon\"><span class=\"vert_icon\"><\/span><span class=\"hor_icon\"><\/span><\/span><\/p><div id='toggle-id-10' aria-labelledby='toggle-toggle-id-10' role='region' class='toggle_wrap  av-title-above'  ><div class='toggle_content invers-color '  itemprop=\"text\" ><div class=\"av-fold-unfold-container unfolded\">\n<div class=\"avia_textblock av_inherit_color\">\n<p>Vous pouvez <span style=\"color: #3366ff;\"><a style=\"color: #3366ff;\" href=\"https:\/\/aide.nextore.fr\/index.php\/pad\/\">cliquer ici<\/a><\/span> afin d&rsquo;avoir acc\u00e8s \u00e0 un tutoriel expliquant comment se servir du PAD.<\/p>\n<\/div>\n<\/div>\n<div class=\"av-fold-button-wrapper av-textblock-btn-wrap avia-button-wrap\"><\/div>\n<\/div><\/div><\/div><\/section>\n<section class='av_toggle_section av-ly32zxhv-4-1-1-c78a78d71b33b40a9c1416b8d044316b'  itemscope=\"itemscope\" itemtype=\"https:\/\/schema.org\/CreativeWork\" ><div role=\"tablist\" class=\"single_toggle\" data-tags=\"{Tout} \"  ><p id='toggle-toggle-id-11' data-fake-id='#toggle-id-11' class='toggler  av-title-above '  itemprop=\"headline\"  role='tab' tabindex='0' aria-controls='toggle-id-11' data-slide-speed=\"200\" data-title=\"Comment ajouter une cat\u00e9gorie de produits ?\" data-title-open=\"\">Comment ajouter une cat\u00e9gorie de produits ?<span class=\"toggle_icon\"><span class=\"vert_icon\"><\/span><span class=\"hor_icon\"><\/span><\/span><\/p><div id='toggle-id-11' aria-labelledby='toggle-toggle-id-11' role='region' class='toggle_wrap  av-title-above'  ><div class='toggle_content invers-color '  itemprop=\"text\" ><div class=\"av-fold-unfold-container unfolded\">\n<div class=\"avia_textblock av_inherit_color\">\n<p>Afin d&rsquo;ajouter une cat\u00e9gorie de produits vous pouvez trouver de l&rsquo;aide <a href=\"https:\/\/aide.nextore.fr\/index.php\/parametres\/#categories\"><span style=\"color: #3366ff;\">ici<\/span><\/a> en vous r\u00e9f\u00e9rant au premier point.<\/p>\n<\/div>\n<\/div>\n<div class=\"av-fold-button-wrapper av-textblock-btn-wrap avia-button-wrap\"><\/div>\n<\/div><\/div><\/div><\/section>\n<section class='av_toggle_section av-mo9t1bkr-5b9793867d898ddc520028256ec2a0cd'  itemscope=\"itemscope\" itemtype=\"https:\/\/schema.org\/CreativeWork\" ><div role=\"tablist\" class=\"single_toggle\" data-tags=\"{Tout} \"  ><p id='toggle-toggle-id-12' data-fake-id='#toggle-id-12' class='toggler  av-title-above '  itemprop=\"headline\"  role='tab' tabindex='0' aria-controls='toggle-id-12' data-slide-speed=\"200\" data-title=\"O\u00f9 trouver notre certification ?\" data-title-open=\"\">O\u00f9 trouver notre certification ?<span class=\"toggle_icon\"><span class=\"vert_icon\"><\/span><span class=\"hor_icon\"><\/span><\/span><\/p><div id='toggle-id-12' aria-labelledby='toggle-toggle-id-12' role='region' class='toggle_wrap  av-title-above'  ><div class='toggle_content invers-color '  itemprop=\"text\" ><p>Cliquer sur ce <a href=\"https:\/\/admin.nextore.fr\/33846-1.pdf\">lien\u00a0<\/a><\/p>\n<\/div><\/div><\/div><\/section>\n<\/div>\n\n","protected":false},"excerpt":{"rendered":"","protected":false},"author":1,"featured_media":0,"parent":0,"menu_order":0,"comment_status":"closed","ping_status":"closed","template":"","meta":{"footnotes":""},"class_list":["post-3431","page","type-page","status-publish","hentry"],"_links":{"self":[{"href":"https:\/\/aide.nextore.fr\/index.php\/wp-json\/wp\/v2\/pages\/3431"}],"collection":[{"href":"https:\/\/aide.nextore.fr\/index.php\/wp-json\/wp\/v2\/pages"}],"about":[{"href":"https:\/\/aide.nextore.fr\/index.php\/wp-json\/wp\/v2\/types\/page"}],"author":[{"embeddable":true,"href":"https:\/\/aide.nextore.fr\/index.php\/wp-json\/wp\/v2\/users\/1"}],"replies":[{"embeddable":true,"href":"https:\/\/aide.nextore.fr\/index.php\/wp-json\/wp\/v2\/comments?post=3431"}],"version-history":[{"count":22,"href":"https:\/\/aide.nextore.fr\/index.php\/wp-json\/wp\/v2\/pages\/3431\/revisions"}],"predecessor-version":[{"id":3742,"href":"https:\/\/aide.nextore.fr\/index.php\/wp-json\/wp\/v2\/pages\/3431\/revisions\/3742"}],"wp:attachment":[{"href":"https:\/\/aide.nextore.fr\/index.php\/wp-json\/wp\/v2\/media?parent=3431"}],"curies":[{"name":"wp","href":"https:\/\/api.w.org\/{rel}","templated":true}]}}