{"id":3339,"date":"2024-06-27T14:48:32","date_gmt":"2024-06-27T12:48:32","guid":{"rendered":"https:\/\/aide.nextore.fr\/?page_id=3339"},"modified":"2025-09-29T16:55:35","modified_gmt":"2025-09-29T14:55:35","slug":"4-9-23-comptabilite-format-debit-credit-detaille","status":"publish","type":"page","link":"https:\/\/aide.nextore.fr\/index.php\/4-9-23-comptabilite-format-debit-credit-detaille\/","title":{"rendered":"Comptabilit\u00e9 &#8211; Format d\u00e9bit \/ cr\u00e9dit d\u00e9taill\u00e9"},"content":{"rendered":"\n<style type=\"text\/css\" data-created_by=\"avia_inline_auto\" id=\"style-css-av-mq40mz-40eace7273a94f1a1775cae780b6217e\">\n.avia-section.av-mq40mz-40eace7273a94f1a1775cae780b6217e .av-extra-border-element .av-extra-border-inner{\nbackground-color:#ffffff;\n}\n<\/style>\n<div id='listeproduits'  class='avia-section av-mq40mz-40eace7273a94f1a1775cae780b6217e main_color avia-section-default avia-no-border-styling  avia-builder-el-0  avia-builder-el-no-sibling  avia-bg-style-scroll av-arrow-down-section container_wrap fullsize'  ><div class='container av-section-cont-open' ><main  role=\"main\" itemprop=\"mainContentOfPage\"  class='template-page content  av-content-full alpha units'><div class='post-entry post-entry-type-page post-entry-3339'><div class='entry-content-wrapper clearfix'>\n\n<style type=\"text\/css\" data-created_by=\"avia_inline_auto\" id=\"style-css-av-211qsb-1083da4a0b221ac9423824d3cbcaede9\">\n.flex_column.av-211qsb-1083da4a0b221ac9423824d3cbcaede9{\nborder-radius:0px 0px 0px 0px;\npadding:0px 0px 0px 0px;\n}\n<\/style>\n<div  class='flex_column av-211qsb-1083da4a0b221ac9423824d3cbcaede9 av_one_full  avia-builder-el-1  el_before_av_three_fifth  avia-builder-el-first  first flex_column_div av-zero-column-padding  '     ><p>\n<style type=\"text\/css\" data-created_by=\"avia_inline_auto\" id=\"style-css-av-lxx9dv3x-aa70c426babb646461a1e6e107880ebb\">\n#top .av-special-heading.av-lxx9dv3x-aa70c426babb646461a1e6e107880ebb{\npadding-bottom:0;\n}\nbody .av-special-heading.av-lxx9dv3x-aa70c426babb646461a1e6e107880ebb .av-special-heading-tag .heading-char{\nfont-size:25px;\n}\n.av-special-heading.av-lxx9dv3x-aa70c426babb646461a1e6e107880ebb .av-subheading{\nfont-size:15px;\n}\n<\/style>\n<div  class='av-special-heading av-lxx9dv3x-aa70c426babb646461a1e6e107880ebb av-special-heading-h3 blockquote modern-quote  avia-builder-el-2  el_before_av_hr  avia-builder-el-first '><h3 class='av-special-heading-tag '  itemprop=\"headline\"  >FORMAT DEBIT \/ CREDIT DETAILLE<\/h3><div class=\"special-heading-border\"><div class=\"special-heading-inner-border\"><\/div><\/div><\/div><br \/>\n\n<style type=\"text\/css\" data-created_by=\"avia_inline_auto\" id=\"style-css-av-jnstob-c208bce8625d16f30e91edfef77b4094\">\n#top .hr.av-jnstob-c208bce8625d16f30e91edfef77b4094{\nmargin-top:0px;\nmargin-bottom:10px;\n}\n.hr.av-jnstob-c208bce8625d16f30e91edfef77b4094 .hr-inner{\nwidth:100px;\nborder-color:#000000;\n}\n<\/style>\n<div  class='hr av-jnstob-c208bce8625d16f30e91edfef77b4094 hr-custom  avia-builder-el-3  el_after_av_heading  avia-builder-el-last  hr-left hr-icon-no'><span class='hr-inner inner-border-av-border-fat'><span class=\"hr-inner-style\"><\/span><\/span><\/div><\/p><\/div>\n<style type=\"text\/css\" data-created_by=\"avia_inline_auto\" id=\"style-css-av-hiz9hn-36f4388a4a733a9d22891d72d1e763a6\">\n.flex_column.av-hiz9hn-36f4388a4a733a9d22891d72d1e763a6{\nborder-radius:0px 0px 0px 0px;\npadding:0px 0px 0px 0px;\n}\n<\/style>\n<div  class='flex_column av-hiz9hn-36f4388a4a733a9d22891d72d1e763a6 av_three_fifth  avia-builder-el-4  el_after_av_one_full  el_before_av_two_fifth  first flex_column_div av-zero-column-padding  column-top-margin'     ><style type=\"text\/css\" data-created_by=\"avia_inline_auto\" id=\"style-css-sub-av-lxx9faku-ccaa697c0661888db155c09dad6ea57a\">\n.av-hotspot-image-container .av-image-hotspot.av-f8j5mz-c0ce1d41fa80ce2d0c375c9ce5ef7a24{\ntop:8.5%;\nleft:24.6%;\n}\n.av-hotspot-image-container .av-image-hotspot.av-f8j5mz-c0ce1d41fa80ce2d0c375c9ce5ef7a24 .av-image-hotspot_inner{\nbackground-color:#323232;\ncolor:#ffffff;\n}\n.av-hotspot-image-container .av-image-hotspot.av-edg457-67003f35707c25b48544b645c5dc11d9{\ntop:14.5%;\nleft:53.6%;\n}\n.av-hotspot-image-container .av-image-hotspot.av-edg457-67003f35707c25b48544b645c5dc11d9 .av-image-hotspot_inner{\nbackground-color:#323232;\ncolor:#ffffff;\n}\n.av-hotspot-image-container .av-image-hotspot.av-c5lvx7-eccc6bf5a3c4c0e5db4ccea9a0866902{\ntop:13.5%;\nleft:61.4%;\n}\n.av-hotspot-image-container .av-image-hotspot.av-c5lvx7-eccc6bf5a3c4c0e5db4ccea9a0866902 .av-image-hotspot_inner{\nbackground-color:#323232;\ncolor:#ffffff;\n}\n.av-hotspot-image-container .av-image-hotspot.av-amgxl7-75744ada697d177752f6c8256e34b86e{\ntop:17.4%;\nleft:80.9%;\n}\n.av-hotspot-image-container .av-image-hotspot.av-amgxl7-75744ada697d177752f6c8256e34b86e .av-image-hotspot_inner{\nbackground-color:#323232;\ncolor:#ffffff;\n}\n.av-hotspot-image-container .av-image-hotspot.av-98bdl7-4566220efd02a8b2928b84db9f05748e{\ntop:19.1%;\nleft:30.5%;\n}\n.av-hotspot-image-container .av-image-hotspot.av-98bdl7-4566220efd02a8b2928b84db9f05748e .av-image-hotspot_inner{\nbackground-color:#323232;\ncolor:#ffffff;\n}\n<\/style>\n<div  class='av-hotspot-image-container av-lxx9faku-ccaa697c0661888db155c09dad6ea57a  avia-builder-el-5  avia-builder-el-no-sibling  av-hotspot-numbered avia_animated_image avia_animate_when_almost_visible fade-in av-mobile-fallback-active  av-non-fullwidth-hotspot-image'  itemprop=\"image\" itemscope=\"itemscope\" itemtype=\"https:\/\/schema.org\/ImageObject\" ><div class='av-hotspot-container'><div class='av-hotspot-container-inner-cell'><div class='av-hotspot-container-inner-wrap'><div class='av-image-hotspot av-f8j5mz-c0ce1d41fa80ce2d0c375c9ce5ef7a24 av-image-hotspot-1 ' data-avia-tooltip-position='left' data-avia-tooltip-alignment='centered' data-avia-tooltip-class='av-tt-default-width av-tt-pos-left av-tt-align-centered  av-mobile-fallback-active  transparent_dark av-tt-hotspot' data-avia-tooltip=''><div class='av-image-hotspot_inner'>1<\/div><div class='av-image-hotspot-pulse'><\/div><\/div><div class='av-image-hotspot av-edg457-67003f35707c25b48544b645c5dc11d9 av-image-hotspot-2 ' data-avia-tooltip-position='right' data-avia-tooltip-alignment='centered' data-avia-tooltip-class='av-tt-default-width av-tt-pos-right av-tt-align-centered  av-mobile-fallback-active  transparent_dark av-tt-hotspot' data-avia-tooltip=''><div class='av-image-hotspot_inner'>2<\/div><div class='av-image-hotspot-pulse'><\/div><\/div><div class='av-image-hotspot av-c5lvx7-eccc6bf5a3c4c0e5db4ccea9a0866902 av-image-hotspot-3 ' data-avia-tooltip-position='left' data-avia-tooltip-alignment='centered' data-avia-tooltip-class='av-tt-default-width av-tt-pos-left av-tt-align-centered  av-mobile-fallback-active  transparent_dark av-tt-hotspot' data-avia-tooltip=''><div class='av-image-hotspot_inner'>3<\/div><div class='av-image-hotspot-pulse'><\/div><\/div><div class='av-image-hotspot av-amgxl7-75744ada697d177752f6c8256e34b86e av-image-hotspot-4 ' data-avia-tooltip-position='right' data-avia-tooltip-alignment='centered' data-avia-tooltip-class='av-tt-default-width av-tt-pos-right av-tt-align-centered  av-mobile-fallback-active  transparent_dark av-tt-hotspot' data-avia-tooltip=''><div class='av-image-hotspot_inner'>4<\/div><div class='av-image-hotspot-pulse'><\/div><\/div><div class='av-image-hotspot av-98bdl7-4566220efd02a8b2928b84db9f05748e av-image-hotspot-5 ' data-avia-tooltip-position='left' data-avia-tooltip-alignment='centered' data-avia-tooltip-class='av-tt-default-width av-tt-pos-left av-tt-align-centered  av-mobile-fallback-active  transparent_dark av-tt-hotspot' data-avia-tooltip=''><div class='av-image-hotspot_inner'>5<\/div><div class='av-image-hotspot-pulse'><\/div><\/div><img decoding=\"async\" fetchpriority=\"high\" class='wp-image-3332 avia-img-lazy-loading-not-3332 avia_image' src=\"https:\/\/aide.nextore.fr\/wp-content\/uploads\/2024\/06\/Debit-credit-detaille.png\" alt='' title='D\u00e9bit cr\u00e9dit d\u00e9taill\u00e9'  height=\"640\" width=\"1612\"  itemprop=\"thumbnailUrl\" srcset=\"https:\/\/aide.nextore.fr\/wp-content\/uploads\/2024\/06\/Debit-credit-detaille.png 1612w, https:\/\/aide.nextore.fr\/wp-content\/uploads\/2024\/06\/Debit-credit-detaille-300x119.png 300w, https:\/\/aide.nextore.fr\/wp-content\/uploads\/2024\/06\/Debit-credit-detaille-1030x409.png 1030w, https:\/\/aide.nextore.fr\/wp-content\/uploads\/2024\/06\/Debit-credit-detaille-768x305.png 768w, https:\/\/aide.nextore.fr\/wp-content\/uploads\/2024\/06\/Debit-credit-detaille-1536x610.png 1536w, https:\/\/aide.nextore.fr\/wp-content\/uploads\/2024\/06\/Debit-credit-detaille-1500x596.png 1500w, https:\/\/aide.nextore.fr\/wp-content\/uploads\/2024\/06\/Debit-credit-detaille-705x280.png 705w\" sizes=\"(max-width: 1612px) 100vw, 1612px\" \/><\/div><\/div><\/div><\/div><\/div>\n<style type=\"text\/css\" data-created_by=\"avia_inline_auto\" id=\"style-css-av-7lp92z-6eeebe09802008bb308190ef4a0c444c\">\n.flex_column.av-7lp92z-6eeebe09802008bb308190ef4a0c444c{\nborder-radius:0px 0px 0px 0px;\npadding:0px 0px 0px 0px;\n}\n<\/style>\n<div  class='flex_column av-7lp92z-6eeebe09802008bb308190ef4a0c444c av_two_fifth  avia-builder-el-6  el_after_av_three_fifth  avia-builder-el-last  flex_column_div av-zero-column-padding  column-top-margin'     ><div  class='togglecontainer av-lxx9ebbx-ed01f7c1666460483e5fa50d354ce1b0  avia-builder-el-7  avia-builder-el-no-sibling  toggle_close_all' >\n<section class='av_toggle_section av-1w8a3-0995bd38b45955402809d9996c814566'  itemscope=\"itemscope\" itemtype=\"https:\/\/schema.org\/CreativeWork\" ><div role=\"tablist\" class=\"single_toggle\" data-tags=\"{Tout} \"  ><p id='toggle-toggle-id-1' data-fake-id='#toggle-id-1' class='toggler  activeTitle av-title-above '  itemprop=\"headline\"  role='tab' tabindex='0' aria-controls='toggle-id-1' data-slide-speed=\"200\" data-title=\"1. Choisir une p\u00e9riode\" data-title-open=\"\">1. Choisir une p\u00e9riode<span class=\"toggle_icon\"><span class=\"vert_icon\"><\/span><span class=\"hor_icon\"><\/span><\/span><\/p><div id='toggle-id-1' aria-labelledby='toggle-toggle-id-1' role='region' class='toggle_wrap  active_tc av-title-above' style='display:block;' ><div class='toggle_content invers-color '  itemprop=\"text\" ><p>Vous pouvez choisir une\u00a0<strong>date de d\u00e9but<\/strong> et une\u00a0<strong>date de fin<\/strong> afin de filtrer vos r\u00e9sultats.<\/p>\n<\/div><\/div><\/div><\/section>\n<section class='av_toggle_section av-4ton63-d05fd64acbe03c11e596ae16e7ad0544'  itemscope=\"itemscope\" itemtype=\"https:\/\/schema.org\/CreativeWork\" ><div role=\"tablist\" class=\"single_toggle\" data-tags=\"{Tout} \"  ><p id='toggle-toggle-id-2' data-fake-id='#toggle-id-2' class='toggler  av-title-above '  itemprop=\"headline\"  role='tab' tabindex='0' aria-controls='toggle-id-2' data-slide-speed=\"200\" data-title=\"2. Valider la s\u00e9lection\" data-title-open=\"\">2. Valider la s\u00e9lection<span class=\"toggle_icon\"><span class=\"vert_icon\"><\/span><span class=\"hor_icon\"><\/span><\/span><\/p><div id='toggle-id-2' aria-labelledby='toggle-toggle-id-2' role='region' class='toggle_wrap  av-title-above'  ><div class='toggle_content invers-color '  itemprop=\"text\" ><p>Vous pouvez cliquer sur le bouton\u00a0<strong>Valider<\/strong> afin de valider vos dates et filtrer les r\u00e9sultats.<\/p>\n<\/div><\/div><\/div><\/section>\n<section class='av_toggle_section av-2hcdm3-5e5507952467549c910f56e91f7291a5'  itemscope=\"itemscope\" itemtype=\"https:\/\/schema.org\/CreativeWork\" ><div role=\"tablist\" class=\"single_toggle\" data-tags=\"{Tout} \"  ><p id='toggle-toggle-id-3' data-fake-id='#toggle-id-3' class='toggler  av-title-above '  itemprop=\"headline\"  role='tab' tabindex='0' aria-controls='toggle-id-3' data-slide-speed=\"200\" data-title=\"3. Exporter au format Excel\" data-title-open=\"\">3. Exporter au format Excel<span class=\"toggle_icon\"><span class=\"vert_icon\"><\/span><span class=\"hor_icon\"><\/span><\/span><\/p><div id='toggle-id-3' aria-labelledby='toggle-toggle-id-3' role='region' class='toggle_wrap  av-title-above'  ><div class='toggle_content invers-color '  itemprop=\"text\" ><p>Vous pouvez cocher la case <strong>Exporter au format Excel<\/strong> pour t\u00e9l\u00e9charger au format Excel l&rsquo;int\u00e9gralit\u00e9 du rapport au moment de cliquer sur le bouton valider.<\/p>\n<\/div><\/div><\/div><\/section>\n<section class='av_toggle_section av-lxx9fqct-e58c0ebfd24dcf3efd92979d285d9226'  itemscope=\"itemscope\" itemtype=\"https:\/\/schema.org\/CreativeWork\" ><div role=\"tablist\" class=\"single_toggle\" data-tags=\"{Tout} \"  ><p id='toggle-toggle-id-4' data-fake-id='#toggle-id-4' class='toggler  av-title-above '  itemprop=\"headline\"  role='tab' tabindex='0' aria-controls='toggle-id-4' data-slide-speed=\"200\" data-title=\"4. Rechercher une transaction\" data-title-open=\"\">4. Rechercher une transaction<span class=\"toggle_icon\"><span class=\"vert_icon\"><\/span><span class=\"hor_icon\"><\/span><\/span><\/p><div id='toggle-id-4' aria-labelledby='toggle-toggle-id-4' role='region' class='toggle_wrap  av-title-above'  ><div class='toggle_content invers-color '  itemprop=\"text\" ><p>Vous pouvez\u00a0rechercher une transaction \u00e0 l\u2019aide de la <strong>barre de recherche<\/strong>. Il est \u00e9galement possible de rechercher les transactions \u00e0 l\u2019aide des <strong>barres de recherche<\/strong> de chaque caract\u00e9ristique sur les transactions.<\/p>\n<\/div><\/div><\/div><\/section>\n<section class='av_toggle_section av-lxx9fuy5-e02ab9cbfc17fcbd51c3718efc17503f'  itemscope=\"itemscope\" itemtype=\"https:\/\/schema.org\/CreativeWork\" ><div role=\"tablist\" class=\"single_toggle\" data-tags=\"{Tout} \"  ><p id='toggle-toggle-id-5' data-fake-id='#toggle-id-5' class='toggler  av-title-above '  itemprop=\"headline\"  role='tab' tabindex='0' aria-controls='toggle-id-5' data-slide-speed=\"200\" data-title=\"5. T\u00e9l\u00e9charger les transactions\" data-title-open=\"\">5. T\u00e9l\u00e9charger les transactions<span class=\"toggle_icon\"><span class=\"vert_icon\"><\/span><span class=\"hor_icon\"><\/span><\/span><\/p><div id='toggle-id-5' aria-labelledby='toggle-toggle-id-5' role='region' class='toggle_wrap  av-title-above'  ><div class='toggle_content invers-color '  itemprop=\"text\" ><p>Vous pouvez <strong>t\u00e9l\u00e9charger<\/strong> les lignes du rapport sur la page actuelle sous diff\u00e9rents formats, la <strong>copier<\/strong> ou l\u2019<strong>imprimer<\/strong>. Il est \u00e9galement possible de choisir le <strong>nombre de lignes<\/strong> affich\u00e9es par page.<\/p>\n<\/div><\/div><\/div><\/section>\n<\/div><\/div>\n","protected":false},"excerpt":{"rendered":"","protected":false},"author":1,"featured_media":0,"parent":0,"menu_order":0,"comment_status":"closed","ping_status":"closed","template":"","meta":{"footnotes":""},"class_list":["post-3339","page","type-page","status-publish","hentry"],"_links":{"self":[{"href":"https:\/\/aide.nextore.fr\/index.php\/wp-json\/wp\/v2\/pages\/3339"}],"collection":[{"href":"https:\/\/aide.nextore.fr\/index.php\/wp-json\/wp\/v2\/pages"}],"about":[{"href":"https:\/\/aide.nextore.fr\/index.php\/wp-json\/wp\/v2\/types\/page"}],"author":[{"embeddable":true,"href":"https:\/\/aide.nextore.fr\/index.php\/wp-json\/wp\/v2\/users\/1"}],"replies":[{"embeddable":true,"href":"https:\/\/aide.nextore.fr\/index.php\/wp-json\/wp\/v2\/comments?post=3339"}],"version-history":[{"count":4,"href":"https:\/\/aide.nextore.fr\/index.php\/wp-json\/wp\/v2\/pages\/3339\/revisions"}],"predecessor-version":[{"id":3673,"href":"https:\/\/aide.nextore.fr\/index.php\/wp-json\/wp\/v2\/pages\/3339\/revisions\/3673"}],"wp:attachment":[{"href":"https:\/\/aide.nextore.fr\/index.php\/wp-json\/wp\/v2\/media?parent=3339"}],"curies":[{"name":"wp","href":"https:\/\/api.w.org\/{rel}","templated":true}]}}