{"id":3121,"date":"2023-06-22T16:32:10","date_gmt":"2023-06-22T14:32:10","guid":{"rendered":"https:\/\/aide.nextore.fr\/?page_id=3121"},"modified":"2023-06-23T15:38:18","modified_gmt":"2023-06-23T13:38:18","slug":"trouver-wifi-printer","status":"publish","type":"page","link":"https:\/\/aide.nextore.fr\/index.php\/trouver-wifi-printer\/","title":{"rendered":"Trouver WIFI Printer"},"content":{"rendered":"\n<style type=\"text\/css\" data-created_by=\"avia_inline_auto\" id=\"style-css-av-94gwup-72aa57a2def6e58242fb7fe1b835d06d\">\n.avia-section.av-94gwup-72aa57a2def6e58242fb7fe1b835d06d .av-extra-border-element .av-extra-border-inner{\nbackground-color:#ffffff;\n}\n<\/style>\n<div id='listeproduits'  class='avia-section av-94gwup-72aa57a2def6e58242fb7fe1b835d06d main_color avia-section-default avia-no-border-styling  avia-builder-el-0  avia-builder-el-no-sibling  avia-bg-style-scroll av-arrow-down-section container_wrap fullsize'  ><div class='container av-section-cont-open' ><main  role=\"main\" itemprop=\"mainContentOfPage\"  class='template-page content  av-content-full alpha units'><div class='post-entry post-entry-type-page post-entry-3121'><div class='entry-content-wrapper clearfix'>\n\n<style type=\"text\/css\" data-created_by=\"avia_inline_auto\" id=\"style-css-av-7709pd-f5d74fd42a32939e7db631576c5ac69c\">\n.flex_column.av-7709pd-f5d74fd42a32939e7db631576c5ac69c{\nborder-radius:0px 0px 0px 0px;\npadding:0px 0px 0px 0px;\n}\n<\/style>\n<div  class='flex_column av-7709pd-f5d74fd42a32939e7db631576c5ac69c av_one_full  avia-builder-el-1  el_before_av_one_fifth  avia-builder-el-first  first flex_column_div av-zero-column-padding  '     ><p>\n<style type=\"text\/css\" data-created_by=\"avia_inline_auto\" id=\"style-css-av-lj78spgc-dd731433a4d48337d0b139a44812e07f\">\n#top .av-special-heading.av-lj78spgc-dd731433a4d48337d0b139a44812e07f{\npadding-bottom:0;\n}\nbody .av-special-heading.av-lj78spgc-dd731433a4d48337d0b139a44812e07f .av-special-heading-tag .heading-char{\nfont-size:25px;\n}\n.av-special-heading.av-lj78spgc-dd731433a4d48337d0b139a44812e07f .av-subheading{\nfont-size:15px;\n}\n<\/style>\n<div  class='av-special-heading av-lj78spgc-dd731433a4d48337d0b139a44812e07f av-special-heading-h3 blockquote modern-quote  avia-builder-el-2  el_before_av_hr  avia-builder-el-first '><h3 class='av-special-heading-tag '  itemprop=\"headline\"  >TROUVER WIFI PRINTER<\/h3><div class=\"special-heading-border\"><div class=\"special-heading-inner-border\"><\/div><\/div><\/div><br \/>\n\n<style type=\"text\/css\" data-created_by=\"avia_inline_auto\" id=\"style-css-av-65v19t-841e110eeb48be86b3740cae3cb7c263\">\n#top .hr.av-65v19t-841e110eeb48be86b3740cae3cb7c263{\nmargin-top:0px;\nmargin-bottom:10px;\n}\n.hr.av-65v19t-841e110eeb48be86b3740cae3cb7c263 .hr-inner{\nwidth:100px;\nborder-color:#000000;\n}\n<\/style>\n<div  class='hr av-65v19t-841e110eeb48be86b3740cae3cb7c263 hr-custom  avia-builder-el-3  el_after_av_heading  avia-builder-el-last  hr-left hr-icon-no'><span class='hr-inner inner-border-av-border-fat'><span class=\"hr-inner-style\"><\/span><\/span><\/div><\/p><\/div>\n<style type=\"text\/css\" data-created_by=\"avia_inline_auto\" id=\"style-css-av-4jnp69-aa56bb53c937395034149a7983e3b12a\">\n.flex_column.av-4jnp69-aa56bb53c937395034149a7983e3b12a{\nborder-radius:0px 0px 0px 0px;\npadding:0px 0px 0px 0px;\n}\n<\/style>\n<div  class='flex_column av-4jnp69-aa56bb53c937395034149a7983e3b12a av_one_fifth  avia-builder-el-4  el_after_av_one_full  el_before_av_four_fifth  first flex_column_div av-zero-column-padding  column-top-margin'     ><div  class='av-hotspot-image-container av-lj78v5l1-98a68b9809886cae8fe900c1031bc3de  avia-builder-el-5  avia-builder-el-no-sibling  av-hotspot-numbered avia_animated_image avia_animate_when_almost_visible fade-in av-mobile-fallback-active  av-non-fullwidth-hotspot-image'  itemprop=\"image\" itemscope=\"itemscope\" itemtype=\"https:\/\/schema.org\/ImageObject\" ><div class='av-hotspot-container'><div class='av-hotspot-container-inner-cell'><div class='av-hotspot-container-inner-wrap'><img decoding=\"async\" fetchpriority=\"high\" class='wp-image-3124 avia-img-lazy-loading-not-3124 avia_image' src=\"https:\/\/aide.nextore.fr\/wp-content\/uploads\/2023\/06\/Trouver-WIFI-Printer.jpg\" alt='' title='Trouver WIFI Printer'  height=\"2187\" width=\"1495\"  itemprop=\"thumbnailUrl\" srcset=\"https:\/\/aide.nextore.fr\/wp-content\/uploads\/2023\/06\/Trouver-WIFI-Printer.jpg 1495w, https:\/\/aide.nextore.fr\/wp-content\/uploads\/2023\/06\/Trouver-WIFI-Printer-205x300.jpg 205w, https:\/\/aide.nextore.fr\/wp-content\/uploads\/2023\/06\/Trouver-WIFI-Printer-704x1030.jpg 704w, https:\/\/aide.nextore.fr\/wp-content\/uploads\/2023\/06\/Trouver-WIFI-Printer-768x1123.jpg 768w, https:\/\/aide.nextore.fr\/wp-content\/uploads\/2023\/06\/Trouver-WIFI-Printer-1050x1536.jpg 1050w, https:\/\/aide.nextore.fr\/wp-content\/uploads\/2023\/06\/Trouver-WIFI-Printer-1400x2048.jpg 1400w, https:\/\/aide.nextore.fr\/wp-content\/uploads\/2023\/06\/Trouver-WIFI-Printer-1025x1500.jpg 1025w, https:\/\/aide.nextore.fr\/wp-content\/uploads\/2023\/06\/Trouver-WIFI-Printer-482x705.jpg 482w\" sizes=\"(max-width: 1495px) 100vw, 1495px\" \/><\/div><\/div><\/div><\/div><\/div>\n<style type=\"text\/css\" data-created_by=\"avia_inline_auto\" id=\"style-css-av-2oo06p-ef35efcc9417961650980b6a85d91fe7\">\n.flex_column.av-2oo06p-ef35efcc9417961650980b6a85d91fe7{\nborder-radius:0px 0px 0px 0px;\npadding:0px 0px 0px 0px;\n}\n<\/style>\n<div  class='flex_column av-2oo06p-ef35efcc9417961650980b6a85d91fe7 av_four_fifth  avia-builder-el-6  el_after_av_one_fifth  el_before_av_hr  flex_column_div av-zero-column-padding  column-top-margin'     ><section  class='av_textblock_section av-lj794ao3-d5202f313772583e6cefbc2c60ff10ab '   itemscope=\"itemscope\" itemtype=\"https:\/\/schema.org\/CreativeWork\" ><div class='avia_textblock'  itemprop=\"text\" ><h3>Pour que le r\u00e9seau \u00ab\u00a0WIFI Printer\u00a0\u00bb puisse appara\u00eetre sur la liste des r\u00e9seaux disponibles il va falloir faire une <span style=\"color: #ff0000;\">remise \u00e0 z\u00e9ro<\/span> de l&rsquo;imprimante.<\/h3>\n<p><\/br><\/p>\n<h3>Pour cela, \u00e9teignez l&rsquo;imprimante \u00e0 l&rsquo;aide de l&rsquo;interrupteur.<\/h3>\n<p><\/br><\/p>\n<h3>Appuyez ensuite sur le bouton <span style=\"color: #ff0000;\">Feed<\/span> et ne le rel\u00e2chez pas.<\/h3>\n<p><\/br><\/p>\n<h3>Rallumez l&rsquo;imprimante \u00e0 l&rsquo;aide de l&rsquo;interrupteur, puis une fois que la lumi\u00e8re <span style=\"color: #ff0000;\">Paper<\/span> s&rsquo;allume, vous pouvez rel\u00e2cher le bouton Feed (attention, il faut que ce soit la lumi\u00e8re Paper qui soit allum\u00e9e, il ne faut pas confondre avec l&rsquo;autre).<\/h3>\n<p><\/br><\/p>\n<h3>Apr\u00e8s cela, un <span style=\"color: #ff0000;\">ticket<\/span> similaire \u00e0 celui sur l&rsquo;image ci-contre sera imprim\u00e9 pour indiquer que l&rsquo;imprimante a \u00e9t\u00e9 red\u00e9marr\u00e9e et le r\u00e9seau \u00ab\u00a0WIFI Printer\u00a0\u00bb devrait appara\u00eetre parmi les r\u00e9seaux disponibles.<\/h3>\n<p><\/br><\/p>\n<\/div><\/section><\/div>\n","protected":false},"excerpt":{"rendered":"","protected":false},"author":1,"featured_media":0,"parent":0,"menu_order":0,"comment_status":"closed","ping_status":"closed","template":"","meta":{"footnotes":""},"class_list":["post-3121","page","type-page","status-publish","hentry"],"_links":{"self":[{"href":"https:\/\/aide.nextore.fr\/index.php\/wp-json\/wp\/v2\/pages\/3121"}],"collection":[{"href":"https:\/\/aide.nextore.fr\/index.php\/wp-json\/wp\/v2\/pages"}],"about":[{"href":"https:\/\/aide.nextore.fr\/index.php\/wp-json\/wp\/v2\/types\/page"}],"author":[{"embeddable":true,"href":"https:\/\/aide.nextore.fr\/index.php\/wp-json\/wp\/v2\/users\/1"}],"replies":[{"embeddable":true,"href":"https:\/\/aide.nextore.fr\/index.php\/wp-json\/wp\/v2\/comments?post=3121"}],"version-history":[{"count":6,"href":"https:\/\/aide.nextore.fr\/index.php\/wp-json\/wp\/v2\/pages\/3121\/revisions"}],"predecessor-version":[{"id":3132,"href":"https:\/\/aide.nextore.fr\/index.php\/wp-json\/wp\/v2\/pages\/3121\/revisions\/3132"}],"wp:attachment":[{"href":"https:\/\/aide.nextore.fr\/index.php\/wp-json\/wp\/v2\/media?parent=3121"}],"curies":[{"name":"wp","href":"https:\/\/api.w.org\/{rel}","templated":true}]}}