{"id":3068,"date":"2023-06-21T11:39:47","date_gmt":"2023-06-21T09:39:47","guid":{"rendered":"https:\/\/aide.nextore.fr\/?page_id=3068"},"modified":"2023-06-21T14:42:09","modified_gmt":"2023-06-21T12:42:09","slug":"produits-supprimes","status":"publish","type":"page","link":"https:\/\/aide.nextore.fr\/index.php\/produits-supprimes\/","title":{"rendered":"Produits supprim\u00e9s"},"content":{"rendered":"\n<style type=\"text\/css\" data-created_by=\"avia_inline_auto\" id=\"style-css-av-mpynj0-1b39baa27986d7fcbbfd17efc9d8e970\">\n.avia-section.av-mpynj0-1b39baa27986d7fcbbfd17efc9d8e970 .av-extra-border-element .av-extra-border-inner{\nbackground-color:#ffffff;\n}\n<\/style>\n<div id='listeproduits'  class='avia-section av-mpynj0-1b39baa27986d7fcbbfd17efc9d8e970 main_color avia-section-default avia-no-border-styling  avia-builder-el-0  avia-builder-el-no-sibling  avia-bg-style-scroll av-arrow-down-section container_wrap fullsize'  ><div class='container av-section-cont-open' ><main  role=\"main\" itemprop=\"mainContentOfPage\"  class='template-page content  av-content-full alpha units'><div class='post-entry post-entry-type-page post-entry-3068'><div class='entry-content-wrapper clearfix'>\n\n<style type=\"text\/css\" data-created_by=\"avia_inline_auto\" id=\"style-css-av-k1jxjg-04f5828a935d677eed710c70d3396cbd\">\n.flex_column.av-k1jxjg-04f5828a935d677eed710c70d3396cbd{\nborder-radius:0px 0px 0px 0px;\npadding:0px 0px 0px 0px;\n}\n<\/style>\n<div  class='flex_column av-k1jxjg-04f5828a935d677eed710c70d3396cbd av_one_full  avia-builder-el-1  el_before_av_three_fifth  avia-builder-el-first  first flex_column_div av-zero-column-padding  '     ><p>\n<style type=\"text\/css\" data-created_by=\"avia_inline_auto\" id=\"style-css-av-lj5j7ti3-e3cf3b829d7a044c6b2d59c6e5df32b8\">\n#top .av-special-heading.av-lj5j7ti3-e3cf3b829d7a044c6b2d59c6e5df32b8{\npadding-bottom:0;\n}\nbody .av-special-heading.av-lj5j7ti3-e3cf3b829d7a044c6b2d59c6e5df32b8 .av-special-heading-tag .heading-char{\nfont-size:25px;\n}\n.av-special-heading.av-lj5j7ti3-e3cf3b829d7a044c6b2d59c6e5df32b8 .av-subheading{\nfont-size:15px;\n}\n<\/style>\n<div  class='av-special-heading av-lj5j7ti3-e3cf3b829d7a044c6b2d59c6e5df32b8 av-special-heading-h3 blockquote modern-quote  avia-builder-el-2  el_before_av_hr  avia-builder-el-first '><h3 class='av-special-heading-tag '  itemprop=\"headline\"  >PRODUITS SUPPRIMES<\/h3><div class=\"special-heading-border\"><div class=\"special-heading-inner-border\"><\/div><\/div><\/div><br \/>\n\n<style type=\"text\/css\" data-created_by=\"avia_inline_auto\" id=\"style-css-av-it87jw-9f18dcac997e42db1137f41682ea985c\">\n#top .hr.av-it87jw-9f18dcac997e42db1137f41682ea985c{\nmargin-top:0px;\nmargin-bottom:10px;\n}\n.hr.av-it87jw-9f18dcac997e42db1137f41682ea985c .hr-inner{\nwidth:100px;\nborder-color:#000000;\n}\n<\/style>\n<div  class='hr av-it87jw-9f18dcac997e42db1137f41682ea985c hr-custom  avia-builder-el-3  el_after_av_heading  avia-builder-el-last  hr-left hr-icon-no'><span class='hr-inner inner-border-av-border-fat'><span class=\"hr-inner-style\"><\/span><\/span><\/div><\/p><\/div>\n<style type=\"text\/css\" data-created_by=\"avia_inline_auto\" id=\"style-css-av-hxe5u4-0b78616fd53a618cd522e00332a0f4a4\">\n.flex_column.av-hxe5u4-0b78616fd53a618cd522e00332a0f4a4{\nborder-radius:0px 0px 0px 0px;\npadding:0px 0px 0px 0px;\n}\n<\/style>\n<div  class='flex_column av-hxe5u4-0b78616fd53a618cd522e00332a0f4a4 av_three_fifth  avia-builder-el-4  el_after_av_one_full  el_before_av_two_fifth  first flex_column_div av-zero-column-padding  column-top-margin'     ><style type=\"text\/css\" data-created_by=\"avia_inline_auto\" id=\"style-css-sub-av-lj5j8ohf-abea61c6f4c3c820d3cf2786c372b5ed\">\n.av-hotspot-image-container .av-image-hotspot.av-fwyzt8-28a7449a8644713dce7fbcba4159107e{\ntop:8.1%;\nleft:95.7%;\n}\n.av-hotspot-image-container .av-image-hotspot.av-fwyzt8-28a7449a8644713dce7fbcba4159107e .av-image-hotspot_inner{\nbackground-color:#323232;\ncolor:#ffffff;\n}\n.av-hotspot-image-container .av-image-hotspot.av-dlhld8-66a87560978bf73c1c84397f1b1aba98{\ntop:30.6%;\nleft:4%;\n}\n.av-hotspot-image-container .av-image-hotspot.av-dlhld8-66a87560978bf73c1c84397f1b1aba98 .av-image-hotspot_inner{\nbackground-color:#323232;\ncolor:#ffffff;\n}\n.av-hotspot-image-container .av-image-hotspot.av-c5t624-00fca2be48cd27a272eb29e9cc4416dd{\ntop:16.2%;\nleft:82.1%;\n}\n.av-hotspot-image-container .av-image-hotspot.av-c5t624-00fca2be48cd27a272eb29e9cc4416dd .av-image-hotspot_inner{\nbackground-color:#323232;\ncolor:#ffffff;\n}\n.av-hotspot-image-container .av-image-hotspot.av-aiu6l8-72dc9361609f45c321bb2ebe4c0bdeb2{\ntop:14.8%;\nleft:9.7%;\n}\n.av-hotspot-image-container .av-image-hotspot.av-aiu6l8-72dc9361609f45c321bb2ebe4c0bdeb2 .av-image-hotspot_inner{\nbackground-color:#323232;\ncolor:#ffffff;\n}\n.av-hotspot-image-container .av-image-hotspot.av-8kc8uk-403d3cd01144091468b3a0e0f59a8014{\ntop:41.9%;\nleft:46.2%;\n}\n.av-hotspot-image-container .av-image-hotspot.av-8kc8uk-403d3cd01144091468b3a0e0f59a8014 .av-image-hotspot_inner{\nbackground-color:#323232;\ncolor:#ffffff;\n}\n.av-hotspot-image-container .av-image-hotspot.av-7swt0c-d9ab806fe28e8c04609a6239b91de368{\ntop:36.7%;\nleft:95.1%;\n}\n.av-hotspot-image-container .av-image-hotspot.av-7swt0c-d9ab806fe28e8c04609a6239b91de368 .av-image-hotspot_inner{\nbackground-color:#323232;\ncolor:#ffffff;\n}\n<\/style>\n<div  class='av-hotspot-image-container av-lj5j8ohf-abea61c6f4c3c820d3cf2786c372b5ed  avia-builder-el-5  avia-builder-el-no-sibling  av-hotspot-numbered avia_animated_image avia_animate_when_almost_visible fade-in av-mobile-fallback-active  av-non-fullwidth-hotspot-image'  itemprop=\"image\" itemscope=\"itemscope\" itemtype=\"https:\/\/schema.org\/ImageObject\" ><div class='av-hotspot-container'><div class='av-hotspot-container-inner-cell'><div class='av-hotspot-container-inner-wrap'><div class='av-image-hotspot av-fwyzt8-28a7449a8644713dce7fbcba4159107e av-image-hotspot-1 ' data-avia-tooltip-position='left' data-avia-tooltip-alignment='centered' data-avia-tooltip-class='av-tt-default-width av-tt-pos-left av-tt-align-centered  av-mobile-fallback-active  transparent_dark av-tt-hotspot' data-avia-tooltip='&lt;p style=&quot;text-align: center;&quot;&gt;&lt;strong&gt;Modification g\u00e9n\u00e9rale&lt;\/strong&gt;&lt;\/p&gt;\n'><div class='av-image-hotspot_inner'>1<\/div><div class='av-image-hotspot-pulse'><\/div><\/div><div class='av-image-hotspot av-dlhld8-66a87560978bf73c1c84397f1b1aba98 av-image-hotspot-2 ' data-avia-tooltip-position='right' data-avia-tooltip-alignment='centered' data-avia-tooltip-class='av-tt-default-width av-tt-pos-right av-tt-align-centered  av-mobile-fallback-active  transparent_dark av-tt-hotspot' data-avia-tooltip='&lt;p style=&quot;text-align: center;&quot;&gt;&lt;b&gt;S\u00e9lectionner&lt;\/b&gt;&lt;strong&gt;\u00a0des produits&lt;\/strong&gt;&lt;\/p&gt;\n'><div class='av-image-hotspot_inner'>2<\/div><div class='av-image-hotspot-pulse'><\/div><\/div><div class='av-image-hotspot av-c5t624-00fca2be48cd27a272eb29e9cc4416dd av-image-hotspot-3 ' data-avia-tooltip-position='left' data-avia-tooltip-alignment='centered' data-avia-tooltip-class='av-tt-default-width av-tt-pos-left av-tt-align-centered  av-mobile-fallback-active  transparent_dark av-tt-hotspot' data-avia-tooltip='&lt;p style=&quot;text-align: center;&quot;&gt;&lt;strong&gt;Rechercher un produit&lt;\/strong&gt;&lt;\/p&gt;\n'><div class='av-image-hotspot_inner'>3<\/div><div class='av-image-hotspot-pulse'><\/div><\/div><div class='av-image-hotspot av-aiu6l8-72dc9361609f45c321bb2ebe4c0bdeb2 av-image-hotspot-4 ' data-avia-tooltip-position='right' data-avia-tooltip-alignment='centered' data-avia-tooltip-class='av-tt-default-width av-tt-pos-right av-tt-align-centered  av-mobile-fallback-active  transparent_dark av-tt-hotspot' data-avia-tooltip='&lt;p style=&quot;text-align: center;&quot;&gt;&lt;strong&gt;T\u00e9l\u00e9charger la liste des produits&lt;\/strong&gt;&lt;\/p&gt;\n'><div class='av-image-hotspot_inner'>4<\/div><div class='av-image-hotspot-pulse'><\/div><\/div><div class='av-image-hotspot av-8kc8uk-403d3cd01144091468b3a0e0f59a8014 av-image-hotspot-5 ' data-avia-tooltip-position='left' data-avia-tooltip-alignment='centered' data-avia-tooltip-class='av-tt-default-width av-tt-pos-left av-tt-align-centered  av-mobile-fallback-active  transparent_dark av-tt-hotspot' data-avia-tooltip='&lt;p style=&quot;text-align: center;&quot;&gt;&lt;strong&gt;D\u00e9tails produit supprim\u00e9&lt;\/strong&gt;&lt;\/p&gt;\n'><div class='av-image-hotspot_inner'>5<\/div><div class='av-image-hotspot-pulse'><\/div><\/div><div class='av-image-hotspot av-7swt0c-d9ab806fe28e8c04609a6239b91de368 av-image-hotspot-6 ' data-avia-tooltip-position='left' data-avia-tooltip-alignment='centered' data-avia-tooltip-class='av-tt-default-width av-tt-pos-left av-tt-align-centered  av-mobile-fallback-active  transparent_dark av-tt-hotspot' data-avia-tooltip='&lt;p style=&quot;text-align: center;&quot;&gt;&lt;strong&gt;Activer un produit supprim\u00e9&lt;\/strong&gt;&lt;\/p&gt;\n'><div class='av-image-hotspot_inner'>6<\/div><div class='av-image-hotspot-pulse'><\/div><\/div><img decoding=\"async\" fetchpriority=\"high\" class='wp-image-3071 avia-img-lazy-loading-not-3071 avia_image' src=\"https:\/\/aide.nextore.fr\/wp-content\/uploads\/2023\/06\/Produits-supprimes.png\" alt='' title='Produits supprim\u00e9s'  height=\"1080\" width=\"1920\"  itemprop=\"thumbnailUrl\" srcset=\"https:\/\/aide.nextore.fr\/wp-content\/uploads\/2023\/06\/Produits-supprimes.png 1920w, https:\/\/aide.nextore.fr\/wp-content\/uploads\/2023\/06\/Produits-supprimes-300x169.png 300w, https:\/\/aide.nextore.fr\/wp-content\/uploads\/2023\/06\/Produits-supprimes-1030x579.png 1030w, https:\/\/aide.nextore.fr\/wp-content\/uploads\/2023\/06\/Produits-supprimes-768x432.png 768w, https:\/\/aide.nextore.fr\/wp-content\/uploads\/2023\/06\/Produits-supprimes-1536x864.png 1536w, https:\/\/aide.nextore.fr\/wp-content\/uploads\/2023\/06\/Produits-supprimes-1500x844.png 1500w, https:\/\/aide.nextore.fr\/wp-content\/uploads\/2023\/06\/Produits-supprimes-705x397.png 705w\" sizes=\"(max-width: 1920px) 100vw, 1920px\" \/><\/div><\/div><\/div><div class='av-hotspot-fallback-tooltip av-image-hotspot-1 '><div class=\"av-hotspot-fallback-tooltip-count\">1<div class=\"avia-arrow\"><\/div><\/div><div class=\"av-hotspot-fallback-tooltip-inner clearfix\"><\/p>\n<p style=\"text-align: center;\"><strong>Modification g\u00e9n\u00e9rale<\/strong><\/p>\n<p>\n<\/div><\/div><div class='av-hotspot-fallback-tooltip av-image-hotspot-2 '><div class=\"av-hotspot-fallback-tooltip-count\">2<div class=\"avia-arrow\"><\/div><\/div><div class=\"av-hotspot-fallback-tooltip-inner clearfix\"><\/p>\n<p style=\"text-align: center;\"><b>S\u00e9lectionner<\/b><strong>\u00a0des produits<\/strong><\/p>\n<p>\n<\/div><\/div><div class='av-hotspot-fallback-tooltip av-image-hotspot-3 '><div class=\"av-hotspot-fallback-tooltip-count\">3<div class=\"avia-arrow\"><\/div><\/div><div class=\"av-hotspot-fallback-tooltip-inner clearfix\"><\/p>\n<p style=\"text-align: center;\"><strong>Rechercher un produit<\/strong><\/p>\n<p>\n<\/div><\/div><div class='av-hotspot-fallback-tooltip av-image-hotspot-4 '><div class=\"av-hotspot-fallback-tooltip-count\">4<div class=\"avia-arrow\"><\/div><\/div><div class=\"av-hotspot-fallback-tooltip-inner clearfix\"><\/p>\n<p style=\"text-align: center;\"><strong>T\u00e9l\u00e9charger la liste des produits<\/strong><\/p>\n<p>\n<\/div><\/div><div class='av-hotspot-fallback-tooltip av-image-hotspot-5 '><div class=\"av-hotspot-fallback-tooltip-count\">5<div class=\"avia-arrow\"><\/div><\/div><div class=\"av-hotspot-fallback-tooltip-inner clearfix\"><\/p>\n<p style=\"text-align: center;\"><strong>D\u00e9tails produit supprim\u00e9<\/strong><\/p>\n<p>\n<\/div><\/div><div class='av-hotspot-fallback-tooltip av-image-hotspot-6 '><div class=\"av-hotspot-fallback-tooltip-count\">6<div class=\"avia-arrow\"><\/div><\/div><div class=\"av-hotspot-fallback-tooltip-inner clearfix\"><\/p>\n<p style=\"text-align: center;\"><strong>Activer un produit supprim\u00e9<\/strong><\/p>\n<p>\n<\/div><\/div><\/div><\/div>\n<style type=\"text\/css\" data-created_by=\"avia_inline_auto\" id=\"style-css-av-5tg59o-44972d6e7f31cf458926952d62828794\">\n.flex_column.av-5tg59o-44972d6e7f31cf458926952d62828794{\nborder-radius:0px 0px 0px 0px;\npadding:0px 0px 0px 0px;\n}\n<\/style>\n<div  class='flex_column av-5tg59o-44972d6e7f31cf458926952d62828794 av_two_fifth  avia-builder-el-6  el_after_av_three_fifth  avia-builder-el-last  flex_column_div av-zero-column-padding  column-top-margin'     ><div  class='togglecontainer av-lj5ja94d-0a0394a2471382f5711049a87afa332d  avia-builder-el-7  avia-builder-el-no-sibling  toggle_close_all' >\n<section class='av_toggle_section av-lj5jb07l-d423bde0e0540f27d717aaa6f66ebaff'  itemscope=\"itemscope\" itemtype=\"https:\/\/schema.org\/CreativeWork\" ><div role=\"tablist\" class=\"single_toggle\" data-tags=\"{Tout} \"  ><p id='toggle-toggle-id-1' data-fake-id='#toggle-id-1' class='toggler  activeTitle av-title-above '  itemprop=\"headline\"  role='tab' tabindex='0' aria-controls='toggle-id-1' data-slide-speed=\"200\" data-title=\"1. Modification g\u00e9n\u00e9rale \" data-title-open=\"\">1. Modification g\u00e9n\u00e9rale <span class=\"toggle_icon\"><span class=\"vert_icon\"><\/span><span class=\"hor_icon\"><\/span><\/span><\/p><div id='toggle-id-1' aria-labelledby='toggle-toggle-id-1' role='region' class='toggle_wrap  active_tc av-title-above' style='display:block;' ><div class='toggle_content invers-color '  itemprop=\"text\" ><p>\u00c0 partir de la touche situ\u00e9e en haut \u00e0 droite de votre \u00e9cran vous pourrez :<\/p>\n<ul>\n<li><strong>Modifier<\/strong> un ou plusieurs produits supprim\u00e9s s\u00e9lectionn\u00e9s \u00e0 la fois (la fl\u00e8che bleue qui appara\u00eet \u00e0 droite des champs du premier produit supprim\u00e9 sert \u00e0 mettre la m\u00eame chose dans un champ de tous les produits s\u00e9lectionn\u00e9s), vous aurez \u00e9galement la possibilit\u00e9 de cliquer sur le bouton <strong>Afficher les fournisseurs<\/strong> en haut \u00e0 droite de l&rsquo;\u00e9cran pour faire appara\u00eetre toutes les cases relatives aux fournisseurs, puis cliquez sur <strong>Modifier les produits<\/strong> pour enregistrer les modifications,<\/li>\n<li><span style=\"font-weight: 400;\"><strong>Exporter<\/strong> la liste des produits s\u00e9lectionn\u00e9s (au format Excel),<\/span><\/li>\n<li style=\"font-weight: 400;\"><strong>Synchroniser<\/strong> vos stocks avec votre base de donn\u00e9e<span style=\"font-weight: 400;\">.<\/span><\/li>\n<\/ul>\n<\/div><\/div><\/div><\/section>\n<section class='av_toggle_section av-lj5j97jr-6416390d365a64592f3ea74a047fb871'  itemscope=\"itemscope\" itemtype=\"https:\/\/schema.org\/CreativeWork\" ><div role=\"tablist\" class=\"single_toggle\" data-tags=\"{Tout} \"  ><p id='toggle-toggle-id-2' data-fake-id='#toggle-id-2' class='toggler  av-title-above '  itemprop=\"headline\"  role='tab' tabindex='0' aria-controls='toggle-id-2' data-slide-speed=\"200\" data-title=\"2. S\u00e9lectionner des produits supprim\u00e9s\" data-title-open=\"\">2. S\u00e9lectionner des produits supprim\u00e9s<span class=\"toggle_icon\"><span class=\"vert_icon\"><\/span><span class=\"hor_icon\"><\/span><\/span><\/p><div id='toggle-id-2' aria-labelledby='toggle-toggle-id-2' role='region' class='toggle_wrap  av-title-above'  ><div class='toggle_content invers-color '  itemprop=\"text\" ><p>Vous pouvez\u00a0<strong>s\u00e9lectionner\u00a0<\/strong>un ou plusieurs produits supprim\u00e9s en cochant les cases \u00e0 gauche de ces derniers.<\/p>\n<p>Remarque : Cocher la case tout en haut \u00e0 gauche vous fera s\u00e9lectionner tous les produits supprim\u00e9s de la page actuelle.<\/p>\n<\/div><\/div><\/div><\/section>\n<section class='av_toggle_section av-lj5j9ogb-3dfd4451067a29f6427ebdfcdeb4d67f'  itemscope=\"itemscope\" itemtype=\"https:\/\/schema.org\/CreativeWork\" ><div role=\"tablist\" class=\"single_toggle\" data-tags=\"{Tout} \"  ><p id='toggle-toggle-id-3' data-fake-id='#toggle-id-3' class='toggler  av-title-above '  itemprop=\"headline\"  role='tab' tabindex='0' aria-controls='toggle-id-3' data-slide-speed=\"200\" data-title=\"3. Rechercher un produit supprim\u00e9\" data-title-open=\"\">3. Rechercher un produit supprim\u00e9<span class=\"toggle_icon\"><span class=\"vert_icon\"><\/span><span class=\"hor_icon\"><\/span><\/span><\/p><div id='toggle-id-3' aria-labelledby='toggle-toggle-id-3' role='region' class='toggle_wrap  av-title-above'  ><div class='toggle_content invers-color '  itemprop=\"text\" ><p>Vous pouvez\u00a0<strong>rechercher<\/strong> un produit supprim\u00e9 \u00e0 l\u2019aide de la <strong>barre de recherche<\/strong>.<\/p>\n<p>Il est \u00e9galement possible de rechercher les produits supprim\u00e9s \u00e0 l\u2019aide des barres de recherche de chaque caract\u00e9ristique sur les produits supprim\u00e9s.<\/p>\n<\/div><\/div><\/div><\/section>\n<section class='av_toggle_section av-lj5ja5zm-b1f5da92df7b45c4e3dd8e5df5a839a0'  itemscope=\"itemscope\" itemtype=\"https:\/\/schema.org\/CreativeWork\" ><div role=\"tablist\" class=\"single_toggle\" data-tags=\"{Tout} \"  ><p id='toggle-toggle-id-4' data-fake-id='#toggle-id-4' class='toggler  av-title-above '  itemprop=\"headline\"  role='tab' tabindex='0' aria-controls='toggle-id-4' data-slide-speed=\"200\" data-title=\"4. T\u00e9l\u00e9charger la liste des produits supprim\u00e9s\" data-title-open=\"\">4. T\u00e9l\u00e9charger la liste des produits supprim\u00e9s<span class=\"toggle_icon\"><span class=\"vert_icon\"><\/span><span class=\"hor_icon\"><\/span><\/span><\/p><div id='toggle-id-4' aria-labelledby='toggle-toggle-id-4' role='region' class='toggle_wrap  av-title-above'  ><div class='toggle_content invers-color '  itemprop=\"text\" ><p>Vous pouvez <strong>t\u00e9l\u00e9charger<\/strong> la liste de tous les produits supprim\u00e9s sur la page actuelle sous diff\u00e9rents formats, la <strong>copier<\/strong>\u00a0ou\u00a0<strong>l\u2019imprimer<\/strong>.<\/p>\n<p>Il est \u00e9galement possible de choisir le nombre de produits supprim\u00e9s affich\u00e9s par page.<\/p>\n<\/div><\/div><\/div><\/section>\n<section class='av_toggle_section av-24lp24-afffc51a33f3d16571af899a2fdb8eb0'  itemscope=\"itemscope\" itemtype=\"https:\/\/schema.org\/CreativeWork\" ><div role=\"tablist\" class=\"single_toggle\" data-tags=\"{Tout} \"  ><p id='toggle-toggle-id-5' data-fake-id='#toggle-id-5' class='toggler  av-title-above '  itemprop=\"headline\"  role='tab' tabindex='0' aria-controls='toggle-id-5' data-slide-speed=\"200\" data-title=\"5. D\u00e9tails produit supprim\u00e9\" data-title-open=\"\">5. D\u00e9tails produit supprim\u00e9<span class=\"toggle_icon\"><span class=\"vert_icon\"><\/span><span class=\"hor_icon\"><\/span><\/span><\/p><div id='toggle-id-5' aria-labelledby='toggle-toggle-id-5' role='region' class='toggle_wrap  av-title-above'  ><div class='toggle_content invers-color '  itemprop=\"text\" ><p>En cliquant sur un produit vous pourrez voir les m\u00eames <strong>d\u00e9tails<\/strong> pour le produit supprim\u00e9 que pour un produit classique.<\/p>\n<\/div><\/div><\/div><\/section>\n<section class='av_toggle_section av-4qkjgs-500634b0df5e049feede48237d807da6'  itemscope=\"itemscope\" itemtype=\"https:\/\/schema.org\/CreativeWork\" ><div role=\"tablist\" class=\"single_toggle\" data-tags=\"{Tout} \"  ><p id='toggle-toggle-id-6' data-fake-id='#toggle-id-6' class='toggler  av-title-above '  itemprop=\"headline\"  role='tab' tabindex='0' aria-controls='toggle-id-6' data-slide-speed=\"200\" data-title=\"6. Activer un produit supprim\u00e9\" data-title-open=\"\">6. Activer un produit supprim\u00e9<span class=\"toggle_icon\"><span class=\"vert_icon\"><\/span><span class=\"hor_icon\"><\/span><\/span><\/p><div id='toggle-id-6' aria-labelledby='toggle-toggle-id-6' role='region' class='toggle_wrap  av-title-above'  ><div class='toggle_content invers-color '  itemprop=\"text\" ><p>\u00c0 partir de la touche <strong>Actions <\/strong>situ\u00e9e \u00e0 droite de chaque produit supprim\u00e9, vous pouvez faire la m\u00eame chose qu&rsquo;avec les produits non supprim\u00e9s, mais vous pouvez \u00e9galement cliquer sur\u00a0<strong>Activer produit <\/strong>pour annuler la suppression et restaurer le produit.<\/p>\n<\/div><\/div><\/div><\/section>\n<\/div><\/div>\n","protected":false},"excerpt":{"rendered":"","protected":false},"author":1,"featured_media":0,"parent":0,"menu_order":0,"comment_status":"closed","ping_status":"closed","template":"","meta":{"footnotes":""},"class_list":["post-3068","page","type-page","status-publish","hentry"],"_links":{"self":[{"href":"https:\/\/aide.nextore.fr\/index.php\/wp-json\/wp\/v2\/pages\/3068"}],"collection":[{"href":"https:\/\/aide.nextore.fr\/index.php\/wp-json\/wp\/v2\/pages"}],"about":[{"href":"https:\/\/aide.nextore.fr\/index.php\/wp-json\/wp\/v2\/types\/page"}],"author":[{"embeddable":true,"href":"https:\/\/aide.nextore.fr\/index.php\/wp-json\/wp\/v2\/users\/1"}],"replies":[{"embeddable":true,"href":"https:\/\/aide.nextore.fr\/index.php\/wp-json\/wp\/v2\/comments?post=3068"}],"version-history":[{"count":6,"href":"https:\/\/aide.nextore.fr\/index.php\/wp-json\/wp\/v2\/pages\/3068\/revisions"}],"predecessor-version":[{"id":3089,"href":"https:\/\/aide.nextore.fr\/index.php\/wp-json\/wp\/v2\/pages\/3068\/revisions\/3089"}],"wp:attachment":[{"href":"https:\/\/aide.nextore.fr\/index.php\/wp-json\/wp\/v2\/media?parent=3068"}],"curies":[{"name":"wp","href":"https:\/\/api.w.org\/{rel}","templated":true}]}}